e 4 = -4*s, -3*r + s = w*r - 1381. List the prime factors of r.
2, 3, 23
Let v(t) = -4*t + 50. Let m be v(10). Suppose 2682 = m*w - 5*w - 2*l, 2*w - 1056 = 5*l. List the prime factors of w.
2, 269
Suppose 0 = -116*n + 126*n - 100. What are the prime factors of 637 - 2*(-5)/n?
2, 11, 29
Suppose -2*m + 5*l = -2056, 0 = -0*m - 3*m - 4*l + 3038. Suppose -43*c + 42*c + m = 0. List the prime factors of c.
2, 509
Let m = -135 - -137. List the prime factors of (7/m)/(1 - (-217)/(-218)).
7, 109
Suppose -2*t + 1 = n - 2, -4*n + 12 = 2*t. Suppose 16 = 3*c - 2*y - t*y, 0 = c + 5*y - 11. What are the prime factors of (5 + 45/c)*12?
2, 3, 5
Let h be (-3 - -3 - 1) + 15. Let t = -37 + h. List the prime factors of -21*((-4)/(-8) + t/6).
2, 5, 7
Let j(q) be the first derivative of -15 + 1/2*q**2 + 10*q + 17/3*q**3. What are the prime factors of j(3)?
2, 83
List the prime factors of ((-15)/(-8))/(-5) + 538020/96.
2, 3, 467
Let c(h) = 2*h**3 - 2*h**2 - 5. Let v be c(3). Suppose 0 = 4*t - v + 11. Suppose q = -t + 72. What are the prime factors of q?
67
Let j(l) = l**3 + 6*l**2 + l - 12. Let x be j(-5). Let h(r) = -x + 10 + 7*r - 2. What are the prime factors of h(1)?
7
Let r = 271 + -268. Let d(k) = 9*k**3 + 5*k**2 - 7*k. What are the prime factors of d(r)?
3, 89
Let q(h) = -2*h**2 + 279*h - 643. What are the prime factors of q(66)?
9059
Let a be 2/(-1)*10/(-4). Let l be 4 + (60/(-3))/5. Suppose -a*k = -l*k - 450. What are the prime factors of k?
2, 3, 5
Let h(k) = 31*k - 3. Let y be h(-4). Let z = y - -182. List the prime factors of 1 + z + 19/19.
3, 19
Let u be (-172)/(-2) - (-113 - -109). Let n = 7 + -9. List the prime factors of (6/9 + -1)/(n/u).
3, 5
Let b = -49 + 56. Suppose b*o - 2*o + 5*u = 3875, -3120 = -4*o + u. What are the prime factors of o?
19, 41
What are the prime factors of (-5 + (-7302)/(-4))/(-2 - (-168)/80)?
5, 11, 331
Let o = 4353 - -1512. What are the prime factors of o?
3, 5, 17, 23
Suppose 3*t + 2*h - 3 = 0, 3*h - 4 + 10 = -t. Let r(a) = -a + 3*a**3 + 1 + 1 + 3*a**2 - 3*a. List the prime factors of r(t).
2, 7
Let d(j) = j + 95 + 31 + 74 - 22. Let w be d(0). Suppose 19*y = 17*y + w. List the prime factors of y.
89
Let n = 14808 + 263. What are the prime factors of n?
7, 2153
Let a be 13374/(-90) + 2/(-5). Let t be (-3)/2*(-3300)/18. Let o = t + a. List the prime factors of o.
2, 3, 7
Let h be 4 + 1 + (-1078)/(-2). Suppose -4*v = -b + 1895, -3*v - h = -4*b + 7023. List the prime factors of b.
31, 61
Let d(b) = 3*b**3 - 16*b**2 + 10*b + 15. Let w be d(11). Let i = 3128 - w. What are the prime factors of i?
2, 11, 43
Suppose x = g + 24 - 3, 5*g + 4*x = -60. Let a be 16/(-6) - g/24. What are the prime factors of (-61)/(3*a/6)?
61
Let k(b) = b**3 + 8*b**2 - 16*b - 2. Let i(a) = -59 + 22 - a + 14. Let r be i(-15). List the prime factors of k(r).
2, 3, 7
Let x = 227 - 225. Suppose -x*b = -2784 + 914. List the prime factors of b.
5, 11, 17
Let z be (-3697)/(-5) - (-21)/35. Suppose 5*y - 10 = h, 2*y = 4*h - 14 - 0. Suppose h*v - z = -5*i, -i + 3*v + 132 = -0*i. What are the prime factors of i?
2, 3
Let v(m) = m + 17. Let g be 494/117 - ((-2)/(-9))/1. Suppose g*h - 2*h = -8. What are the prime factors of v(h)?
13
What are the prime factors of (-7)/2*(-54521408)/5152?
37039
List the prime factors of (-1107816)/(-465)*(-20)/(-16).
2, 1489
Let w(s) = 4*s + 104. Let n be w(-21). Suppose -295 = -5*b + n. What are the prime factors of b?
3, 7
Suppose 10*p - 70631 = -16*p + 57887. List the prime factors of p.
4943
Let u = 1819 - 995. Let o = -551 + u. List the prime factors of o.
3, 7, 13
Let i = -508 - -513. Suppose 0 = i*f - 443 - 2482. List the prime factors of f.
3, 5, 13
Let t(d) = 2*d**2 + 29*d + 44. Let x be t(-13). Suppose -18*o - 2813 = -3*r - 16*o, 4*r - 3720 = -x*o. List the prime factors of r.
5, 11, 17
Let q = 97 - 100. List the prime factors of (-3 - -2)/(q/87)*12.
2, 3, 29
Let h(y) be the third derivative of 7*y**5/60 - 29*y**4/24 + 14*y**3/3 - y**2 - 1. List the prime factors of h(10).
2, 3, 73
Suppose 0 = r - 0 - 7. Let f(w) = -11*w - r*w**3 + 0*w**2 + 10*w**2 + 8*w**3 + 2. What are the prime factors of f(-11)?
2
List the prime factors of -5*(6/(18/(-15)) - 22598/10).
2, 19, 149
Suppose -5*y + 17 = 4*b - 3, 3*b - 5*y = 15. Suppose 2*s + q = 811, 6*s = 2*s + b*q + 1629. What are the prime factors of s?
2, 7, 29
Let p(o) = o**2 - 34*o - 5. Let l be p(-22). Let g = l + -804. List the prime factors of g.
3, 47
Let n(b) = b**2 - 11*b + 16. Let i be n(8). List the prime factors of (-4930)/(-4) + (-12)/i.
2, 617
Let b(m) = m**3 + 15*m**2 + 26*m + 6. Let d be b(-7). Suppose 219*o - 2808 = d*o. List the prime factors of o.
2, 3, 13
Let j = -278 - -283. Suppose -z = z - 4*g - 346, 838 = j*z - g. What are the prime factors of z?
167
Let z be ((-55)/(-44)*2)/(1/(-706)). Let v = -1087 - z. List the prime factors of v.
2, 3, 113
Let b(t) be the second derivative of -19*t**3/6 - 9*t**2/2 - 16*t. Let x(w) = 19*w + 9. Let m(y) = 4*b(y) + 5*x(y). What are the prime factors of m(4)?
5, 17
Let a be -1 - (4 + -2 + -11 + 1). Suppose -a*w + 2160 = -3*w. What are the prime factors of w?
2, 3, 5
Let k(n) = -n**3 + 31*n**2 + 67*n - 28. Let l be k(33). Suppose g + l*j - 423 = 0, -3*j = -2*g - 4*j + 810. What are the prime factors of g?
13, 31
Suppose 3*h + 15663 = s + 5*s, -2*h - 2 = 0. What are the prime factors of s?
2, 3, 5, 29
Let p be (-2001)/((-10)/(-4) - 4). Suppose -4*t + p = -5*m, 3*t + 0*m + m - 1010 = 0. What are the prime factors of t?
2, 3, 7
Let x(u) be the third derivative of 2*u**5/15 - 13*u**4/8 - 11*u**3/6 - 36*u**2 - 1. What are the prime factors of x(7)?
2, 3
Suppose 5*u - 2*u + 5*j - 15 = 0, -3*u - 4*j = -15. Suppose -5*v + g = -37, -6*v + u*v - 2*g + 14 = 0. What are the prime factors of v?
2
Let l(o) = -65*o**3 - 23*o**2 - 40*o + 3. List the prime factors of l(-6).
3, 5, 13, 23
Let q = -4947 + 7957. Suppose -m + 954 = 4*r - 5072, -2*r + q = 2*m. List the prime factors of r.
11, 137
Let h(p) = 16*p**2 - 5*p - 5. Suppose -6*c + 4 + 14 = 0. Suppose -c = j - 1. What are the prime factors of h(j)?
3, 23
Suppose -25*p + 32*p - 15*p = -13792. List the prime factors of p.
2, 431
List the prime factors of (685564/132)/(22/192) + 12/(-22).
2, 131, 173
Let n be 0/(5/((-25)/5)). Suppose 5*x - 3*o - 7 = n, 2*x + 4*o + 8 = -10. What are the prime factors of x/(-4) - (2082/(-8))/3?
3, 29
Let v(f) = 167*f + 562. List the prime factors of v(33).
6073
Suppose 817 = -17*v + 151998. What are the prime factors of v?
8893
Let t = 5222 + -3743. List the prime factors of t.
3, 17, 29
Suppose 93*z = 95*z - 256. Suppose 5*q - 1263 = -z. Let o = q + -116. What are the prime factors of o?
3, 37
Let c(d) = 6*d**2 + 3*d - 2. Let y be c(1). Suppose 7*j - 36 = -15. Suppose -2*n - 43 = -2*k - y*n, -102 = -j*k + 5*n. What are the prime factors of k?
29
Suppose -c - 18 = 3*x, c + 0*x = 3*x. Let u be (-13 - c)/((-20)/6 + 2). Suppose 4*h - 246 = -h + u*l, -5*h + 234 = 3*l. What are the prime factors of h?
2, 3
Let p(b) = 466*b**2 + 31*b - 39. What are the prime factors of p(-5)?
2, 179
Let l = 598 - 599. What are the prime factors of (29/(-116))/(l/188)?
47
Let w(d) = 375*d**2 - 8*d + 174. What are the prime factors of w(11)?
13, 269
Let l be 1*6*(-2)/(-4). What are the prime factors of (l/10*-66)/((-4)/20)?
3, 11
Suppose 32*h + 1592 = 40*h. Let q = h - -493. List the prime factors of q.
2, 173
Let o(l) = 25*l**2 + 4*l - 2. Let h(x) = -26*x**2 - 3*x + 2. Let t be (2 - -1)/((-1)/2). Let m(c) = t*h(c) - 5*o(c). List the prime factors of m(-1).
31
Let w = 1034 - 1447. Let t = w + 759. List the prime factors of t.
2, 173
Suppose -16 = -29*o + 25*o. What are the prime factors of 140/(4/40*o)?
2, 5, 7
Suppose -8 + 16 = 2*c. Suppose c*h - 8*h + 956 = 0. What are the prime factors of h?
239
List the prime factors of 10/16 + (-2729515)/(-904).
2, 5, 151
Let f(z) = -z**2 + 23*z - 14. Let r be f(16). Let y = 661 - 342. Suppose -m = k - r, 3*k + 0*m - y = 2*m. List the prime factors of k.
103
List the prime factors of ((-12)/(-42))/(58/14) + 476526/29.
2, 13, 79
Let q(r) = 3*r**3 + r**2 + r + 1. Let d(j) = 9*j**2 - 2*j + 1. Let o be d(1). Suppose 7*a + o = 11*a. What are the prime factors of q(a)?
31
Let k = -66 + 178. Let r = -112 + k. Suppose r = 4*j + j + 2*c - 260, -2*j + 4*c = -128. 